033243 (base 5) in base 16?
-fd37
Convert 243500202 (base 6) to base 3.
22202122102202
Convert 2651454 (base 8) to base 6.
23524020
-20321041 (base 6) to base 12
-243181
What is 310123110 (base 4) in base 13?
76986
What is -2b444b (base 16) in base 13?
-78383a
What is -1221101212112 (base 3) in base 14?
-1cbc65
-1310302 (base 6) to base 15
-16245
What is -5586 (base 9) in base 11?
-3113
What is -8786a1 (base 11) in base 7?
-14630400
Convert 12b81b (base 16) to base 6.
42143311
Convert 44cca0 (base 14) to base 11.
13593a9
Convert 39357a (base 13) to base 11.
861730
What is -946689 (base 10) in base 2?
-11100111001000000001
What is 2b19093 (base 12) in base 11?
4a33702
Convert -571e56 (base 16) to base 12.
-1ab4072
-32431103 (base 6) to base 2
-11101100011010101111
What is 315bb (base 13) in base 9?
144824
Convert -1773557 (base 11) to base 14.
-58370d
Convert 2561177 (base 8) to base 7.
6030501
953373 (base 12) to base 8
10753507
What is -134443520 (base 6) in base 8?
-12355610
Convert 2a52471 (base 11) to base 3.
100211201021222
1431341334 (base 6) to base 11
9aa7998
What is 1405ab8 (base 12) in base 7?
45633056
Convert 453215 (base 7) to base 12.
3a618
What is -6340051 (base 7) in base 8?
-2730003
What is -122111101 (base 3) in base 7?
-52120
-22020332 (base 5) to base 11
-119975
What is 341bc (base 14) in base 15?
27791
What is 195626 (base 11) in base 8?
1112305
176e8 (base 16) to base 7
546546
What is 283a59 (base 11) in base 15?
8ba82
Convert 769c59 (base 14) to base 4.
33112001313
-adc0 (base 15) to base 8
-107767
Convert -3013421021 (base 5) to base 15.
-7d73e1
-2341320 (base 6) to base 4
-131310300
What is 39516b (base 12) in base 2?
11100101111110100011
-b61ad (base 15) to base 8
-2147751
What is 1155161 (base 7) in base 15?
2dde8
-17064676 (base 8) to base 16
-3c69be
177666 (base 9) to base 16
1b021
1013043 (base 8) to base 12
10ab97
12112221102121 (base 3) to base 11
17363a5
What is -514481 (base 10) in base 5?
-112430411
Convert -250213 (base 8) to base 3.
-11101011221
Convert -745732 (base 10) to base 3.
-1101212221201
Convert 775e5d (base 15) to base 13.
1242c40
What is -10420430 (base 5) in base 7?
-532123
Convert -13b0484 (base 12) to base 16.
-3c71a4
What is 2752308 (base 10) in base 12?
b08930
-6198856 (base 11) to base 7
-161636103
-3628757 (base 10) to base 12
-126bb85
Convert 131022110310 (base 4) to base 8.
35122464
Convert 47555 (base 9) to base 13.
11624
What is -1024042342 (base 5) in base 11?
-12559a0
6253403 (base 7) to base 8
2676145
What is -666470 (base 8) in base 5?
-24141233
232723 (base 11) to base 16
5a397
What is 198903 (base 11) in base 12?
128300
Convert -13510354 (base 6) to base 11.
-294854
-85049 (base 12) to base 6
-3424133
What is 9b239b (base 12) in base 4?
21123122213
What is -425772 (base 13) in base 14?
-2c6759
What is -10110111101101000110 (base 2) in base 11?
-47436a
-6a768 (base 13) to base 8
-574055
Convert -1346735 (base 8) to base 4.
-1130313131
Convert -318133 (base 14) to base 13.
-467ca6
Convert 3663015 (base 8) to base 10.
1009165
Convert -78170 (base 11) to base 12.
-55705
3340033211 (base 5) to base 14
d931c4
Convert 142168 (base 9) to base 16.
1536e
Convert 1132689 (base 10) to base 13.
30873c
What is -111100010001100011111011 (base 2) in base 7?
-251205543
-11420302 (base 6) to base 4
-1113333032
-33324 (base 6) to base 15
-15aa
What is 769560 (base 16) in base 10?
7771488
What is 24550076 (base 8) in base 9?
11181721
203404 (base 8) to base 3
10102100210
What is 2323550 (base 6) in base 14?
31a9c
What is 3403345 (base 6) in base 7?
1314020
Convert 203b86 (base 14) to base 3.
2001011220221
1010010000000011110110 (base 2) to base 11
1575a4a
What is -7b395 (base 15) in base 8?
-1376173
-9183b (base 13) to base 11
-168913
What is 550437 (base 8) in base 10?
184607
Convert -101001001010001011110000 (base 2) to base 6.
-1023131532
-27d825 (base 15) to base 3
-10121111010222
Convert 3240304 (base 5) to base 13.
1c47c
Convert 1111110011100010000 (base 2) to base 9.
868378
-130692 (base 10) to base 6
-2445020
-4311341 (base 5) to base 8
-216021
Convert -11017847 (base 9) to base 7.
-63163633
3941b2 (base 12) to base 9
1682768
a84110 (base 16) to base 15
e7c289
What is 3161305 (base 7) in base 15?
78e8a
b082 (base 13) to base 7
130524
What is -29d027 (base 15) in base 13?
-55886b
Convert 1120100212 (base 4) to base 16.
58426
What is -212012332 (base 4) in base 15?
-313b4
Convert -202222221001001 (base 3) to base 8.
-52442457
1324b8c (base 13) to base 14
b259db
-561b (base 12) to base 14
-3687
Convert -31a5a (base 12) to base 14.
-19bca
What is -143431143 (base 6) in base 8?
-13261607
Convert 13235655 (base 8) to base 15.
3d8517
Convert -10000010001000110100010 (base 2) to base 8.
-20210642
What is 11010001111001110110 (base 2) in base 16?
d1e76
What is -3456332 (base 7) in base 12?
-18b488
Convert -705de6 (base 16) to base 3.
-111212010121100
Convert 11111110002 (base 3) to base 10.
88535
320b33 (base 14) to base 11
a56671
1341110423 (base 5) to base 14
65db9a
2168cd (base 15) to base 12
6490aa
-11102111112 (base 3) to base 2
-10101010001001100
What is 1000110011010101001 (base 2) in base 11?
187775
Convert 254422234 (base 6) to base 15.
68573d
What is -1322103312 (base 5) in base 4?
-30221211302
Convert -33d7a2 (base 14) to base 4.
-12233020102
Convert 1276183 (base 13) to base 14.
aa75da
Convert 2033302333 (base 4) to base 7.
5002114
Convert 1100220021222 (base 3) to base 15.
e52ee
What is 252ae (base 16) in base 6?
3132450
-34045206 (base 7) to base 5
-1223441043
What is -981684 (base 12) in base 8?
-11137204
1264184 (base 13) to base 8
25736102
Convert 10110111100100011110000 (base 2) to base 4.
112330203300
Convert 2320510 (base 6) to base 2.
11101001001111010
174ad0b (base 14) to base 12
3a16413
Convert 113a35 (base 14) to base 8.
2171357
-5811074 (base 10) to base 9
-11836258
43232432 (base 5) to base 8
1316373
What is 1935419 (base 10) in base 8?
7304073
Convert -1e7f4 (base 16) to base 4.
-132133310
Convert 1065a8 (base 11) to base 5.
20413020
172ac0 (base 13) to base 6
20213232
What is 3101333312 (base 4) in base 7?
10211504
815790 (base 12) to base 15
29dcd3
72372362 (base 8) to base 11
8722672
235827 (base 9) to base 14
39add
What is a6ac2 (base 16) in base 7?
5542231
79531 (base 11) to base 12
56741
What is 139d665 (base 14) in base 2?
100100010101100110111001
Convert -110100110001001101 (base 2) to base 11.
-138432
Convert -15b3a1 (base 14) to base 8.
-2715761
What is 320c2 (base 13) in base 2?
10110000001111011
Convert -1111010001000001 (base 2) to base 5.
-4000104
Convert -44409 (base 15) to base 5.
-23420114
-569cf (base 16) to base 12
-15137b
What is 15222002 (base 6) in base 7?
4343264
What is -32232 (base 13) in base 7?
-524502
66587 (base 11) to base 14
27272
What is 133720 (base 8) in base 2?
1011011111010000
What is -21748 (base 12) in base 5?
-2404024
What is -123210204 (base 5) in base 8?
-2225147
What is 1134602 (base 7) in base 4?
202333133
What is -3101111011 (base 4) in base 10?
-857413
Convert 20be (base 15) to base 2.
1101100010001
What is 11101011101101010100 (base 2) in base 5?
221343320
Convert -3045500 (base 8) to base 16.
-c4b40
-19583 (base 12) to base 16
-90f3
2242032 (base 6) to base 10
114500
Convert -d3aad (base 15) to base 6.
-22212531
Convert -222422 (base 5) to base 8.
-17266
-726571 (base 8) to base 3
-110020121120
What is -3154310 (base 6) in base 11?
-a6673
-14242022 (base 6) to base 16
-7713e
-d1a51 (base 14) to base 12
-203933
What is -11111101010010110101 (base 2) in base 12?
-420499
What is -1415454022 (base 6) in base 5?
-13420112323
Convert -865893 (base 16) to base 4.
-201211202103
What is -2501287 (base 12) in base 9?
-14521514
302a7 (base 12) to base 8
172237
Convert 163b8c (base 14) to base 6.
24405412
What is -57974 (base 10) in base 9?
-87465
Convert 1b79b3 (base 14) to base 12.
3b4021
What is -1221414241 (base 6) in base 16?
-d6cb91
-10313211 (base 4) to base 16
-4de5
Convert 10201202102 (base 3) to base 16.
11eeb
What is -21433344 (base 5) in base 4?
-231211210
11300110 (base 5) to base 7
606513
25779 (base 11) to base 3
1212120120
Convert 101000011110100100011100 (base 2) to base 10.
10610972
-120101020101 (base 3) to base 2
-1